 f = -4*f + 3. What is u(g)?
-10
Let p(u) = 5*u - 24*u + 16*u + 1 + 13*u. Let i = -31 - -33. Give p(i).
21
Suppose d = 3*m - 10, -3*m = -5*d - 13 - 1. Suppose 0 = 2*a + 2, -m*a + 4 = 3*o - 5. Let s(n) = -n**2 - 2. Determine s(o).
-18
Let n(p) = -p - 8 + 16 + 4*p - 2*p. Let h(a) = -1. Let x(v) = 3*h(v) + n(v). Let m(q) = -3*q - 14. Let s(i) = -4*m(i) - 11*x(i). Determine s(5).
6
Let f(k) = -5 - 30*k + 34*k + 3. Let s(x) = 11*x - 6. Let q(v) = 8*f(v) - 3*s(v). Determine q(6).
-4
Let n(s) = -s - 7. Let m(c) = -46*c + 139. Let h be m(3). What is n(h)?
-8
Let q(f) = f**3 + 4*f**2 - f - 3. Let p(c) = -2*c**2 + 13*c + 1. Let z be p(9). Let m = z - -28. Let r = m + 13. Give q(r).
9
Suppose 0 = 77*q - 90*q + 91. Let c(m) = m**2 - 7*m + 9. What is c(q)?
9
Let w = -18 + 34. Suppose 0 = 3*j - 4 + w. Let b(i) = i**3 + 4*i**2 + 2*i + 5. Determine b(j).
-3
Suppose 0 = -3*y - 36 - 0. Let c be ((-6)/4)/(18/y). Suppose -z = 3 + c. Let b(x) = x**2 + 7*x + 6. What is b(z)?
-6
Let q(h) = -h**3 - 8*h**2 - 8*h - 4. Let w(j) = -j**3 - 8*j**2 - 7*j - 3. Let r(i) = 6*q(i) - 7*w(i). Give r(-8).
-11
Let c(f) = f**2 - 3*f + 2. Let y(w) = 18*w**2 - 14*w + 9. Let z(a) = -4*c(a) + y(a). Let d(h) = -h**2 - 7*h - 5. Let j be d(-6). Give z(j).
13
Let k(c) = -c**2 - 26*c - 11. Let z(l) = -17*l - 1. Let q(j) = k(j) - z(j). Determine q(-6).
8
Let r(k) = -2*k**2 - k + 1. Let b(f) = -3*f**2 - f + 1. Let i(o) = -b(o) - r(o). Give i(-3).
37
Let t(f) = -f + 6. Let c(m) = 1. Let w(z) = 3*c(z) + 3*t(z). Let h be w(5). Let a(n) = -5*n - 1. What is a(h)?
-31
Let s(z) = 21*z**2 + 14*z - 28. Let r(j) = -4*j**2 - 3*j + 6. Let m(t) = -14*r(t) - 3*s(t). Determine m(-1).
-7
Let d(v) = -1623*v**3 + 1620*v**3 - 2 + 7*v**2 - 9*v**2 + v. What is d(-3)?
58
Let b(a) = 3*a**3 + 7*a**2 - 6*a + 3. Let v(t) = 3*t**3 + 9*t**2 - 7*t + 3. Let u(x) = 5*b(x) - 4*v(x). Determine u(2).
19
Suppose -4*z + 3*s - 1 = 0, -2 = -3*z + 2*s - 3. Let h(l) = -11*l - 244 + 121 + 122. Determine h(z).
10
Suppose -3 = -4*l - 7. Let w = 4 + l. Let x(d) = -d**3 + 2*d**2 + 3. What is x(w)?
-6
Let d = 28 + -25. Let v(k) = -3*k + d + 5*k - 11 - k. Give v(6).
-2
Let s(v) = -v**2 + 7*v - 5. Suppose -20 = -2*z - 2*j, z + 8 = -0*z + 5*j. Determine s(z).
-5
Let h(k) = k**2 + 6*k + 1. Suppose -11 = -5*x - y, -4*y + 12 + 0 = 4*x. Suppose -m - 15 = 3*v, -x = 5*m + 2*v + 21. Give h(m).
-8
Let f(l) be the third derivative of 1/24*l**4 + 6*l**2 + 0*l - 2/3*l**3 + 0. Suppose 0 = -3*s + g - 6*g - 10, -4*g - 45 = -5*s. What is f(s)?
1
Let a(d) = -d**3 + 8*d. Let g(z) = -z**3 + z**2 + 7*z + 3. Let b(y) = -3*a(y) + 4*g(y). Determine b(5).
7
Let p(k) = k**2 - 10*k + 30. Let j = -208 - -212. Calculate p(j).
6
Let n(b) = -2*b - 4. Let a be n(-5). Let w(m) be the third derivative of -m**5/60 + 7*m**4/24 - m**3/3 - 4*m**2 + 42*m. What is w(a)?
4
Let c(t) be the second derivative of -t**5/20 - 5*t**4/12 - 2*t**3/3 - t**2/2 + 5*t - 7. What is c(-3)?
-7
Let i(s) = -s**2 + 9*s + 6. Let k be i(11). Let d = -18 - k. Let p(f) = -4*f + 3. Let u(z) = z + 1. Let y(o) = d*u(o) - p(o). What is y(5)?
5
Let z(c) = 3*c**3 - 11*c**2 - 6*c + 11. Let o(q) = -4*q**3 + 11*q**2 + 8*q - 10. Let w(s) = 4*o(s) + 5*z(s). What is w(-11)?
-7
Let s(r) be the first derivative of r**4/4 - 3*r**3 + 5*r**2 - 12*r + 112. Determine s(8).
4
Let k be 3 + 1 + -7 + 1. Let n(l) = -5*l + 2. Calculate n(k).
12
Let b(j) = -j. Let o(n) = 5 - 6*n - 5 - 7 - n**3. Let x(l) = -6*b(l) + o(l). Determine x(0).
-7
Let w(c) = -c - 1. Let g(f) = -f**3 - 2*f**2 - f + 6. Let k(z) = -z**3 - 5*z**2 - 4*z. Let d be k(-4). Let i be g(d). Suppose 0 = 5*a - i - 24. What is w(a)?
-7
Let q(t) = -t**3 + 4*t**2 - 3*t + 1. Let m be q(2). Let g(u) be the first derivative of -1/4*u**4 + 3 + 4*u + u**3 + 0*u**2. Determine g(m).
4
Let k(o) = 5*o - 37. Let f(p) = -2*p + 18. Let u(q) = 7*f(q) + 3*k(q). Let r be u(-14). Let a(y) = -7*y. Give a(r).
-7
Let d(f) be the second derivative of -1/20*f**5 - 5/6*f**3 + 0 - 2/3*f**4 + 7/2*f**2 + 22*f. Let v be -14*((-2)/(-4) + 0). What is d(v)?
-7
Let h(d) = -d - 12. Let p(n) = 6. Let v be ((-3)/2)/(3/(-6)). Let j(m) = v*h(m) + 5*p(m). Suppose 4*x - 3*r + 28 = -0*x, 4*x + 20 = r. Determine j(x).
6
Suppose -2*g + 7 = -3. Suppose s - 8 = -g. Suppose m - 4*p = 12 + 3, 10 = 2*m - s*p. Let w(z) = 4*z**2 + 1. Give w(m).
5
Let o(t) be the first derivative of -t**4/4 + 5*t**3/3 - 1. Let b be (-1)/(152/40 + 5 + -9). Determine o(b).
0
Let c(w) = -4*w + 5. Let q(b) = -7*b + 10. Let d(o) = 11*c(o) - 6*q(o). Let j = 4 - -5. Let v(n) = -n + 4. Let p be v(j). Give d(p).
5
Suppose 0 = -0*j + j + 6. Let h(r) = 1. Let x(u) = 4*u - 9. Let s(q) = j*h(q) - x(q). What is s(2)?
-5
Let d be (-36)/45 + (-70)/(-25). Let b(u) = 0*u + 0*u - 3*u. Give b(d).
-6
Let c(a) = -52*a - 10. Let b(r) = -10*r - 2. Let d(g) = 16*b(g) - 3*c(g). Let i(x) = -x - 12. Let q be i(-10). Calculate d(q).
6
Let f = -1 + -3. Let n(x) = -3*x - 7. What is n(f)?
5
Let m(v) = v**2 - 7*v. Suppose 15 = 2*g - 1. Suppose -3*l - 35 = -g*l. Determine m(l).
0
Let z(u) = 1. Let w(x) = -x**2 + 9*x - 5. Suppose 5*n - 9 = 4*k + 2, 5*n - 3 = 2*k. Let p(j) = n*w(j) - 6*z(j). Determine p(8).
-9
Let x(r) = 2*r - 48. Let b(s) = -5*s + 1. Let h be b(-4). What is x(h)?
-6
Let g(o) = 7*o**2 + 2*o + 2. Suppose -3*q = 2 - 5. Let b(v) = -v**2 - v - 1. Let w(s) = q*g(s) + 6*b(s). Give w(4).
-4
Let o(r) = -r - 5. Let z = 10 + -3. Suppose -w - 2*s - 1 = -0, -w = 4*s + z. Calculate o(w).
-10
Let q(n) be the second derivative of 0 + 1/3*n**3 + 4*n + 1/12*n**4 - 1/2*n**2. Suppose 5*k - 31 = 3*m, 2*m - 6*m + 4*k - 28 = 0. Give q(m).
-1
Let x(q) = 4*q - 1 + q**2 - 1 - q + q**3. Let l(n) = 3*n**3 + 4*n**2 + 9*n - 6. Let k(z) = 2*l(z) - 7*x(z). What is k(2)?
-8
Let g(i) be the first derivative of -i**4/4 - 7*i**3/3 + 3*i**2 - 4*i - 100. What is g(-8)?
12
Suppose -4*z + 2*m = 4*m + 4, 0 = 5*z - 5*m + 35. Let i(s) be the first derivative of 3*s**2/2 + s - 1429. Give i(z).
-8
Let l(f) = f**3 + 3*f**2 + 2*f + 1. Suppose 5*a + 10 = 5*n, -2*n + 6 = -6*a + 3*a. Determine l(a).
1
Let l be (-1)/(10/4)*-15. Suppose 5*m = -l + 1. Let x(c) = -4*c - 1. Determine x(m).
3
Let f(h) = -h**3 - 3*h**2 + 2*h + 2. Let p be ((-3 - -3)/4)/2. Suppose p = -2*z + z + 1. Suppose 4*d - z + 13 = 0. What is f(d)?
-4
Let h = 1 - -1. Let q(v) = 2*v - 2. Let o(b) = -b + 2. Let c(a) = -2*o(a) - 3*q(a). What is c(h)?
-6
Let y(c) = -c - 1 - 7*c**2 - c**3 + 3 + 13*c**2 - 7*c**2. Give y(-2).
8
Let t = 86 - 92. Let r(i) = -i**2 - 6*i + 1. Calculate r(t).
1
Let n(o) be the first derivative of -o**3/3 - o**2 - 3. What is n(-3)?
-3
Let t be -24*(5/(-5))/(-3). Let c(m) = -m**3 - 9*m**2 - 10*m - 12. What is c(t)?
4
Let g = -8 - -68. Suppose 3*x - 6*x = g. Let l = x - -19. Let u(c) = -c**3 + c + 1. What is u(l)?
1
Let c be 0 + 5*(4 - 11). Let w be (42/c)/((-6)/20). Suppose 40 = -w*r + 4*z, -2*r - 4 = 2*z - 0. Let b(q) = -q**3 - 5*q**2 + 8*q + 9. Determine b(r).
-3
Let p(q) = 132*q - 16 + 131*q - 265*q. Determine p(-10).
4
Let h(t) = 38*t - 21*t - 41*t. Calculate h(1).
-24
Let j(a) = 14*a - 5*a**3 + 6*a**3 - 31 + 107*a**2 + 86*a**2 - 176*a**2. Calculate j(-16).
1
Let w(z) be the first derivative of -z**4/4 - 3*z**3 + z**2/2 + 2*z - 4. Let y be (-12)/(-9) + 93/(-9). What is w(y)?
-7
Let v(j) = -j**3 + 5*j**2 + 4*j - 2. Let b = -86 + 85. Let r be (-3*(-2)/(-12))/(b/10). What is v(r)?
18
Let k(w) = w**3 - 8*w**2 - 12*w - 12. Let l(m) = m**3 + 8*m**2 - 2*m - 7. Let p be l(-8). Determine k(p).
-39
Let z(i) = -i + 10. Let h be z(0). Let s(t) = -t + 5. Let r be s(h). Let g(a) = a**2 + 6*a - 5. Calculate g(r).
-10
Let o(m) be the third derivative of -m**4/24 + m**3/2 - m**2. Let j be o(-3). Let c(n) = 3*n - n**2 + 4*n - j*n + 11. What is c(0)?
11
Let w be (-2)/7 - (-6)/21. Suppose -4*s + 7*s - 15 = w. Let m(v) = v**3 + 0*v**2 - 3*v - 3 - 4*v**2 + 1. What is m(s)?
8
Let l(i) = i**3 - 7*i**2 + 4. Let g be l(7). Suppose 5*b = -g*j + 26, 0*b + 4*j = 2*b + 12. Let w(n) = -1 + 2 + n**3 - n + 2*n**2 - 2*n**3. What is w(b)?
-1
Let z(g) be the third derivative of -g**5/12 - g**4/12 - g**3/6 + g**2 + 8*g. Give z(-1).
-4
Let c(d) = -2*d + d - 8*d**3 + 7 - 2*d + 14*d**2. Let j(u) = 3*u**3 - 5*u**2 + u - 2. Let g(o) = -4*c(o) - 11*j(o). Let r(i) = i + 4. Let s be r(-4). Give g(s).
-6
Let p(l) = -3*l + 4. Let t(a) = -12*a + 14. Le